on factor of 561 and 33?
33
Calculate the highest common factor of 182 and 1050.
14
What is the greatest common divisor of 2527 and 133?
133
Calculate the highest common divisor of 11 and 99.
11
Calculate the highest common factor of 210 and 735.
105
Calculate the highest common factor of 158 and 869.
79
What is the greatest common divisor of 30 and 18?
6
What is the greatest common factor of 3 and 31?
1
Calculate the greatest common factor of 19 and 95.
19
Calculate the greatest common factor of 132 and 440.
44
Calculate the greatest common factor of 33 and 21.
3
Calculate the highest common divisor of 486 and 12.
6
Calculate the highest common divisor of 84 and 48.
12
What is the highest common divisor of 558 and 18?
18
What is the highest common divisor of 48 and 21?
3
Calculate the highest common divisor of 24 and 246.
6
Calculate the highest common factor of 159 and 9.
3
What is the highest common divisor of 893 and 1222?
47
Calculate the highest common factor of 54 and 3537.
27
Calculate the greatest common factor of 49 and 1491.
7
Calculate the highest common factor of 336 and 315.
21
Calculate the greatest common divisor of 480 and 15.
15
Calculate the greatest common divisor of 328 and 3649.
41
What is the highest common divisor of 1945 and 5?
5
What is the highest common factor of 1144 and 88?
88
Calculate the greatest common divisor of 119 and 6307.
119
Calculate the highest common divisor of 940 and 60.
20
Calculate the highest common divisor of 10 and 2790.
10
Calculate the highest common divisor of 156 and 24.
12
Calculate the greatest common factor of 1 and 119.
1
Calculate the highest common divisor of 85 and 833.
17
What is the highest common divisor of 400 and 25?
25
What is the highest common divisor of 175 and 550?
25
Calculate the highest common factor of 520 and 13910.
130
What is the greatest common factor of 31 and 7037?
31
What is the greatest common divisor of 22 and 6?
2
Calculate the greatest common factor of 116 and 29.
29
Calculate the highest common divisor of 290 and 2668.
58
Calculate the greatest common divisor of 450 and 20.
10
What is the greatest common divisor of 2864 and 16?
16
What is the highest common factor of 295 and 5?
5
What is the greatest common factor of 1312 and 32?
32
What is the highest common factor of 135 and 375?
15
What is the greatest common factor of 12 and 16386?
6
Calculate the greatest common divisor of 5671 and 107.
107
What is the greatest common divisor of 36 and 666?
18
What is the greatest common factor of 8585 and 255?
85
Calculate the greatest common factor of 36 and 108.
36
What is the highest common factor of 396 and 636?
12
Calculate the greatest common factor of 1336 and 16.
8
Calculate the highest common factor of 638 and 22.
22
Calculate the highest common divisor of 12 and 612.
12
Calculate the greatest common divisor of 16 and 368.
16
Calculate the greatest common divisor of 13 and 4693.
13
Calculate the highest common divisor of 132 and 1023.
33
What is the greatest common divisor of 184 and 16?
8
What is the greatest common factor of 1 and 25?
1
Calculate the greatest common factor of 122 and 976.
122
What is the highest common factor of 330 and 30?
30
What is the greatest common divisor of 3385 and 5?
5
Calculate the highest common factor of 108 and 148.
4
What is the highest common factor of 1179 and 99?
9
Calculate the highest common factor of 64 and 1184.
32
Calculate the greatest common factor of 33 and 1056.
33
What is the highest common factor of 12 and 6?
6
Calculate the highest common factor of 258 and 8.
2
Calculate the greatest common factor of 159 and 3.
3
Calculate the greatest common divisor of 180 and 1020.
60
What is the greatest common factor of 736 and 2768?
16
What is the highest common divisor of 47 and 3008?
47
What is the highest common factor of 2116 and 2392?
92
What is the highest common factor of 3172 and 183?
61
What is the highest common divisor of 308 and 68?
4
Calculate the highest common factor of 242 and 44.
22
Calculate the highest common factor of 345 and 6015.
15
What is the greatest common divisor of 84 and 196?
28
Calculate the highest common factor of 12 and 236.
4
What is the highest common factor of 10 and 970?
10
Calculate the greatest common divisor of 29 and 377.
29
Calculate the greatest common factor of 69 and 46.
23
What is the greatest common divisor of 26 and 8?
2
Calculate the highest common factor of 155 and 15.
5
What is the highest common divisor of 176 and 1166?
22
Calculate the highest common divisor of 10350 and 4554.
414
What is the highest common factor of 350 and 190?
10
What is the greatest common factor of 689 and 611?
13
Calculate the highest common factor of 22 and 99.
11
Calculate the highest common factor of 46 and 598.
46
Calculate the greatest common factor of 288 and 24.
24
What is the greatest common factor of 41 and 1886?
41
What is the greatest common factor of 77 and 693?
77
Calculate the highest common divisor of 160 and 32.
32
Calculate the greatest common factor of 2 and 1000.
2
What is the highest common divisor of 3388 and 700?
28
Calculate the highest common factor of 32 and 12.
4
Calculate the greatest common factor of 1557 and 54.
9
What is the greatest common divisor of 1580 and 10?
10
What is the highest common divisor of 25 and 205?
5
Calculate the greatest common divisor of 28 and 189.
7
Calculate the highest common divisor of 34950 and 50.
50
Calculate the greatest common factor of 545 and 763.
109
What is the highest common divisor of 77121 and 19?
19
What is the highest common factor of 153 and 544?
17
Calculate the highest common factor of 40 and 7480.
40
What is the greatest common factor of 3034 and 370?
74
Calculate the greatest common factor of 22089 and 111.
111
What is the highest common divisor of 28 and 476?
28
Calculate the greatest common factor of 6 and 174.
6
Calculate the greatest common factor of 55 and 35.
5
What is the greatest common factor of 86 and 1075?
43
Calculate the highest common factor of 846 and 72.
18
What is the greatest common factor of 371 and 53?
53
What is the greatest common divisor of 40 and 2345?
5
What is the greatest common factor of 1107 and 162?
27
What is the highest common divisor of 9315 and 675?
135
Calculate the greatest common divisor of 123 and 82.
41
What is the greatest common divisor of 4826 and 1270?
254
Calculate the highest common factor of 323 and 81073.
323
What is the highest common factor of 314 and 15229?
157
What is the greatest common divisor of 6767 and 505?
101
What is the greatest common divisor of 738 and 12?
6
What is the highest common divisor of 98 and 6?
2
What is the highest common divisor of 72 and 12?
12
Calculate the greatest common factor of 7 and 1897.
7
What is the greatest common divisor of 42 and 399?
21
What is the highest common factor of 72 and 8?
8
What is the highest common divisor of 41 and 656?
41
Calculate the highest common factor of 91 and 169.
13
What is the greatest common factor of 7550 and 50?
50
Calculate the greatest common divisor of 5150 and 150.
50
What is the greatest common divisor of 14 and 126?
14
What is the highest common divisor of 810 and 2385?
45
What is the greatest common factor of 962 and 39?
13
What is the greatest common divisor of 30 and 325?
5
What is the greatest common factor of 12 and 6456?
12
What is the highest common factor of 2601 and 36?
9
What is the greatest common divisor of 972 and 38?
2
Calculate the greatest common factor of 8497 and 29.
29
What is the highest common divisor of 1261 and 13?
13
What is the highest common divisor of 425 and 51?
17
Calculate the highest common factor of 245 and 210.
35
What is the highest common factor of 8 and 1304?
8
Calculate the highest common factor of 15 and 537.
3
What is the greatest common divisor of 432 and 27?
27
What is the highest common divisor of 2032 and 16?
16
Calculate the highest common factor of 800 and 75.
25
What is the greatest common factor of 810 and 110?
10
What is the highest common factor of 2588 and 12?
4
What is the greatest common divisor of 1446 and 24?
6
Calculate the highest common divisor of 165 and 957.
33
What is the greatest common divisor of 18 and 306?
18
What is the highest common d